1022002 (base 3) to base 10
77492
What is 2223570 (base 10) in base 16?
21edd2
What is -1020210220220 (base 3) in base 13?
-1a3bcb
-200a6 (base 11) to base 13
-104c5
-2a3a3 (base 11) to base 12
-20b10
Convert 1015405144 (base 6) to base 11.
5aa6379
Convert 1000523 (base 7) to base 15.
24e0b
-426d0 (base 16) to base 3
-111211020001
b4207 (base 15) to base 11
35a969
307907 (base 12) to base 10
759895
What is 1054351 (base 6) in base 14?
15a31
What is -334527 (base 12) in base 16?
-c74ef
172034 (base 10) to base 13
603c5
22332101 (base 5) to base 16
30972
-117977 (base 12) to base 9
-471241
What is 1100001000010101011011 (base 2) in base 15?
42c2b2
What is 13403020121 (base 5) in base 9?
35378784
What is -134412031 (base 6) in base 12?
-b01017
-100300132 (base 4) to base 12
-3387a
8112112 (base 9) to base 6
232321532
What is -80920b (base 12) in base 16?
-1e9deb
What is -352256 (base 8) in base 12?
-59526
What is -96138 (base 11) in base 15?
-2b6cc
Convert 461553 (base 14) to base 13.
656abb
190d5e (base 15) to base 2
100101001010111011110
1110100000011101001 (base 2) to base 12
1ab121
What is 451545 (base 6) in base 14?
dbcd
-11929 (base 12) to base 3
-1012122020
Convert 431749 (base 12) to base 7.
12004224
Convert 446077 (base 9) to base 6.
5415324
-49032 (base 12) to base 5
-11123114
-3c0a03 (base 14) to base 6
-112301031
What is 1110001001001100 (base 2) in base 6?
1124112
-138a070 (base 12) to base 7
-45166062
What is -10111110101000110101110 (base 2) in base 9?
-12671032
136024 (base 10) to base 2
100001001101011000
-264ab1 (base 13) to base 15
-133e34
What is 4587526 (base 10) in base 4?
101200000012
What is -12010201220 (base 3) in base 13?
-3705c
Convert -934017 (base 13) to base 8.
-15067140
-20324 (base 5) to base 11
-1008
Convert 20010330321 (base 4) to base 2.
1000000100111100111001
Convert 40769 (base 12) to base 8.
244101
What is -858a3 (base 14) in base 7?
-2512663
Convert 153823 (base 10) to base 7.
1210315
What is 449b9 (base 15) in base 8?
652127
7a6420 (base 14) to base 7
50261240
-3eade (base 16) to base 6
-5300330
Convert 27310 (base 15) to base 3.
20101020120
Convert 99355 (base 11) to base 15.
2cab6
Convert -40402231 (base 5) to base 8.
-1173304
Convert 111000011010101 (base 2) to base 8.
70325
202999 (base 13) to base 16
b6c53
-23e9b (base 15) to base 5
-12132141
-c6448 (base 16) to base 14
-171d56
What is -1272499 (base 11) in base 2?
-1000011000111101101100
What is -3636694 (base 10) in base 8?
-15676726
Convert -105000442 (base 6) to base 13.
-51c9bc
Convert -13263436 (base 7) to base 10.
-1225762
-461854 (base 9) to base 5
-32330423
Convert 102120201011 (base 3) to base 11.
146301
Convert -1350042 (base 7) to base 3.
-100011001120
1110121212220 (base 3) to base 14
164346
557400 (base 8) to base 15
3ab40
Convert -89557 (base 10) to base 11.
-61316
What is 4b730 (base 12) in base 7?
606165
What is 16003325 (base 8) in base 10?
3671765
Convert -111201120130 (base 4) to base 13.
-1226c23
abaf2 (base 16) to base 15
dd563
Convert 13324232043 (base 5) to base 2.
1000000111100010000010111
What is 5172852 (base 10) in base 14?
989216
20010022021 (base 3) to base 13
42b0b
Convert 1143186 (base 9) to base 4.
2113021020
What is 775772 (base 8) in base 3?
111021011220
Convert -110000100110111101011000 (base 2) to base 11.
-7213690
Convert -11001011111010010110 (base 2) to base 5.
-203211342
Convert 21600501 (base 8) to base 2.
10001110000000101000001
What is 14232324 (base 5) in base 12?
72341
What is 57733 (base 9) in base 13?
146ac
Convert 4f437c (base 16) to base 2.
10011110100001101111100
Convert -1176a3 (base 12) to base 4.
-1011000123
What is -26abb96 (base 14) in base 16?
-11d6138
Convert -173517 (base 11) to base 12.
-10b222
18229094 (base 10) to base 2
1000101100010011101100110
Convert -1044442 (base 5) to base 9.
-27640
-812360 (base 10) to base 13
-2259b3
Convert -101011101010001001 (base 2) to base 11.
-112399
What is -32323402 (base 6) in base 7?
-11105231
Convert -115bba (base 13) to base 4.
-1210302303
-24223314 (base 7) to base 9
-4047213
What is -850655 (base 11) in base 2?
-101001100100111011111
What is -11443300 (base 5) in base 15?
-22550
What is 25453515 (base 6) in base 4?
3023001113
2001121311 (base 5) to base 7
45242252
-23422544 (base 6) to base 3
-1101022002201
What is 1000101011011101001 (base 2) in base 9?
473102
What is 120310303003 (base 4) in base 15?
88832a
Convert -33704b9 (base 13) to base 10.
-15795061
What is 791540a (base 11) in base 9?
28083038
Convert 875403 (base 12) to base 13.
5a1461
What is -115485 (base 9) in base 13?
-25922
What is -1bb816 (base 12) in base 16?
-795d2
What is 3746b72 (base 12) in base 10?
10794758
415ca (base 16) to base 2
1000001010111001010
What is 101110011110010100001 (base 2) in base 13?
4141c3
Convert 272045 (base 8) to base 13.
34495
Convert 101210202020 (base 3) to base 6.
4320353
-170623 (base 10) to base 8
-515177
Convert -414234223 (base 5) to base 13.
-47c20c
What is -1002111112022 (base 3) in base 4?
-2031300332
What is 36460043 (base 7) in base 10?
3258188
-3622201 (base 8) to base 2
-11110010010010000001
Convert 210022102201 (base 3) to base 10.
419491
Convert -79940 (base 14) to base 11.
-191a61
-b696 (base 16) to base 5
-2443432
-17244 (base 14) to base 16
-e2dc
Convert -36abb0 (base 13) to base 10.
-1309217
-121342153 (base 6) to base 9
-4317716
Convert 212212200010 (base 3) to base 5.
110014330
27ac0 (base 14) to base 16
17f78
Convert -130021 (base 10) to base 7.
-1051033
What is 36200 (base 11) in base 2?
1100101110110111
45242350 (base 6) to base 9
2524203
3304014 (base 6) to base 11
102386
What is -586070 (base 10) in base 15?
-b89b5
93a30 (base 12) to base 11
122243
What is 1461316 (base 7) in base 3?
101011001111
Convert -369046 (base 10) to base 11.
-2322a7
What is -2140d (base 15) in base 4?
-121301002
What is 1120e4 (base 15) in base 5?
202120324
What is 126c8e (base 15) in base 11?
553a42
What is -3366234 (base 7) in base 3?
-210100001220
-110110101101001111 (base 2) to base 13
-7acbb
What is 1a369 (base 12) in base 15?
b639
Convert 384656 (base 12) to base 16.
e0aa2
Convert 12121211021 (base 3) to base 16.
1b058
Convert -2134161 (base 7) to base 3.
-111020201020
What is -77782a (base 12) in base 3?
-10120112122221
What is -340504031 (base 6) in base 15?
-82683a
-1100111110100100101 (base 2) to base 12
-186119
-2381b3 (base 14) to base 5
-302310301
Convert 1003320 (base 4) to base 8.
10370
What is -1421536 (base 9) in base 14?
-164d5c
Convert 522355 (base 6) to base 16.
a43f
-211021010202 (base 3) to base 5
-103010410
57884 (base 10) to base 9
87355
-543006 (base 7) to base 13
-34128
-140336 (base 13) to base 3
-220200210022
100bc0 (base 14) to base 3
1000102221111
-20382245 (base 9) to base 4
-211113321302
What is 106bc6 (base 15) in base 9?
1422076
Convert -100302133000 (base 4) to base 13.
-bb12c3
What is 337b611 (base 12) in base 10?
9869485
Convert 22803 (base 11) to base 10.
32915
What is 1102101102002 (base 3) in base 16?
b8757
-111022202101 (base 3) to base 16
-40075
a4369 (base 11) to base 10
152172
Convert 1182488 (base 13) to base 7.
64112033
What is -1e07fb (base 16) in base 10?
-1968123
What is -10001101000011011010100 (base 2) in base 11?
-2677671
What is cd7c9b (base 14) in base 9?
14110802
-c2eb8 (base 15) to base 14
-1210c5
Convert -122322012 (base 4) to base 10.
-110214
What is 1002100211 (base 3) in base 12?
1047a
1323302231 (base 4) to base 9
852482
What is -5352043 (base 6) in base 2?
-1000000010101111011
Convert -430404104 (base 5) to base 15.
-25b404
-3011100321 (base 5) to base 13
-1307179
Convert 19a008 (base 13) to base 10.
650320
Convert -100000111001011001011 (base 2) to base 9.
-2022616
What is -43114b (base 12) in base 2?
-100000010101010001011
What is 240523 (base 11) in base 15?
77e9b
What is 21101203 (base 4) in base 6?
451511
2505d2 (base 14) to base 9
2343530
Convert 25136603 (base 7) to base 11.
1305278
What is 30014110 (base 6) in base 15?
119740
-232332122 (base 4) to base 2
-101110111110011010
45b29 (base 15) to base 7
1612623
Convert -3754421 (base 8) to base 15.
-157b09
What is 308274 (base 10) in base 4?
1023100302
-1003000022 (base 4) to base 5
-32240232
-1232424040 (base 6) to base 4
-312330300